d by 97?
51
Calculate the remainder when 14753 is divided by 75.
53
Calculate the remainder when 200156 is divided by 58.
56
What is the remainder when 2284 is divided by 690?
214
What is the remainder when 302739 is divided by 26?
21
Calculate the remainder when 3308 is divided by 11.
8
What is the remainder when 14420 is divided by 730?
550
What is the remainder when 790 is divided by 298?
194
What is the remainder when 12598 is divided by 70?
68
What is the remainder when 19140 is divided by 659?
29
Calculate the remainder when 24051 is divided by 3.
0
Calculate the remainder when 8353 is divided by 65.
33
Calculate the remainder when 10390 is divided by 2077.
5
Calculate the remainder when 7837 is divided by 1932.
109
What is the remainder when 13812 is divided by 1063?
1056
Calculate the remainder when 127600 is divided by 11600.
0
Calculate the remainder when 103095 is divided by 51545.
5
What is the remainder when 2348 is divided by 149?
113
Calculate the remainder when 140442 is divided by 645.
477
What is the remainder when 5483 is divided by 1676?
455
Calculate the remainder when 4093 is divided by 49.
26
Calculate the remainder when 44373 is divided by 15.
3
What is the remainder when 2162 is divided by 145?
132
What is the remainder when 87826 is divided by 7983?
13
What is the remainder when 2468 is divided by 145?
3
What is the remainder when 570380 is divided by 236?
204
What is the remainder when 737022 is divided by 724?
714
Calculate the remainder when 178660 is divided by 15.
10
What is the remainder when 9149 is divided by 2282?
21
What is the remainder when 45463 is divided by 464?
455
What is the remainder when 2546 is divided by 1030?
486
What is the remainder when 1206 is divided by 1183?
23
What is the remainder when 46241 is divided by 109?
25
Calculate the remainder when 6107 is divided by 94.
91
What is the remainder when 2029 is divided by 64?
45
What is the remainder when 75457 is divided by 101?
10
What is the remainder when 205696 is divided by 20?
16
Calculate the remainder when 78984 is divided by 78975.
9
Calculate the remainder when 2669 is divided by 286.
95
Calculate the remainder when 4194 is divided by 175.
169
Calculate the remainder when 1599398 is divided by 5.
3
What is the remainder when 39127 is divided by 6516?
31
Calculate the remainder when 4605 is divided by 1804.
997
What is the remainder when 57377 is divided by 19111?
44
What is the remainder when 1351 is divided by 1079?
272
Calculate the remainder when 22197 is divided by 569.
6
Calculate the remainder when 243974 is divided by 138.
128
Calculate the remainder when 22879 is divided by 17.
14
What is the remainder when 113272 is divided by 558?
556
What is the remainder when 16693 is divided by 4087?
345
Calculate the remainder when 35205 is divided by 419.
9
Calculate the remainder when 12139 is divided by 253.
248
Calculate the remainder when 137777 is divided by 13777.
7
Calculate the remainder when 30632 is divided by 557.
554
What is the remainder when 1937 is divided by 69?
5
Calculate the remainder when 39078 is divided by 12949.
231
What is the remainder when 38783 is divided by 468?
407
Calculate the remainder when 6826 is divided by 311.
295
Calculate the remainder when 15827234 is divided by 417.
416
Calculate the remainder when 14103 is divided by 13.
11
Calculate the remainder when 91838 is divided by 13.
6
What is the remainder when 1978 is divided by 363?
163
What is the remainder when 697 is divided by 544?
153
What is the remainder when 2937 is divided by 41?
26
Calculate the remainder when 206 is divided by 141.
65
Calculate the remainder when 988 is divided by 88.
20
Calculate the remainder when 333 is divided by 112.
109
What is the remainder when 10915 is divided by 10912?
3
What is the remainder when 161852 is divided by 53950?
2
What is the remainder when 55695 is divided by 16?
15
Calculate the remainder when 2128 is divided by 2126.
2
What is the remainder when 649341 is divided by 636?
621
Calculate the remainder when 1733 is divided by 58.
51
What is the remainder when 4245898 is divided by 73?
72
What is the remainder when 1016868 is divided by 143?
138
What is the remainder when 424 is divided by 19?
6
Calculate the remainder when 47052 is divided by 670.
152
Calculate the remainder when 35440 is divided by 98.
62
What is the remainder when 24348 is divided by 123?
117
What is the remainder when 4476 is divided by 1940?
596
What is the remainder when 1558 is divided by 143?
128
Calculate the remainder when 11370 is divided by 5674.
22
What is the remainder when 44319 is divided by 1846?
15
Calculate the remainder when 14616 is divided by 14.
0
What is the remainder when 855 is divided by 34?
5
Calculate the remainder when 553712 is divided by 93.
83
What is the remainder when 242790 is divided by 22?
20
Calculate the remainder when 406879 is divided by 159.
157
Calculate the remainder when 4021 is divided by 130.
121
What is the remainder when 86877 is divided by 508?
9
Calculate the remainder when 5301 is divided by 2517.
267
Calculate the remainder when 152289 is divided by 38072.
1
What is the remainder when 103440 is divided by 2?
0
Calculate the remainder when 1186754 is divided by 193.
190
Calculate the remainder when 2656424 is divided by 114.
110
Calculate the remainder when 6563 is divided by 1311.
8
Calculate the remainder when 80063 is divided by 288.
287
What is the remainder when 1435424 is divided by 108?
104
Calculate the remainder when 9119 is divided by 1810.
69
Calculate the remainder when 1229 is divided by 1200.
29
Calculate the remainder when 28580 is divided by 9519.
23
Calculate the remainder when 36114 is divided by 29.
9
Calculate the remainder when 2603 is divided by 848.
59
Calculate the remainder when 693562 is divided by 116.
114
Calculate the remainder when 20389 is divided by 6749.
142
Calculate the remainder when 6522 is divided by 3258.
6
Calculate the remainder when 1197913 is divided by 16.
9
What is the remainder when 122611 is divided by 2270?
31
Calculate the remainder when 28104 is divided by 2.
0
Calculate the remainder when 4223 is divided by 102.
41
Calculate the remainder when 10012 is divided by 588.
16
Calculate the remainder when 2955 is divided by 333.
291
What is the remainder when 230578 is divided by 13?
10
What is the remainder when 4595 is divided by 12?
11
Calculate the remainder when 70171 is divided by 32.
27
Calculate the remainder when 22121 is divided by 1055.
1021
What is the remainder when 484694 is divided by 45?
44
What is the remainder when 22824 is divided by 7604?
12
What is the remainder when 934 is divided by 350?
234
What is the remainder when 1110180 is divided by 17?
12
Calculate the remainder when 23887 is divided by 181.
176
What is the remainder when 27194 is divided by 5428?
54
Calculate the remainder when 252970 is divided by 2691.
16
Calculate the remainder when 41183 is divided by 13.
12
Calculate the remainder when 53639 is divided by 679.
677
What is the remainder when 5376 is divided by 878?
108
Calculate the remainder when 824 is divided by 408.
8
Calculate the remainder when 3556 is divided by 703.
41
Calculate the remainder when 127158 is divided by 14.
10
What is the remainder when 87901 is divided by 956?
905
Calculate the remainder when 587120 is divided by 195705.
5
What is the remainder when 3551 is divided by 844?
175
Calculate the remainder when 28753 is divided by 200.
153
Calculate the remainder when 50669 is divided by 70.
59
Calculate the remainder when 20344 is divided by 52.
12
What is the remainder when 56979 is divided by 3350?
29
What is the remainder when 136038 is divided by 190?
188
What is the remainder when 318634 is divided by 8170?
4
Calculate the remainder when 29794 is divided by 295.
294
Calculate the remainder when 1078 is divided by 604.
474
Calculate the remainder when 4665 is divided by 358.
11
Calculate the remainder when 63537 is divided by 1444.
1
Calculate the remainder when 180176 is divided by 60041.
53
Calculate the remainder when 70197 is divided by 27.
24
Calculate the remainder when 344855 is divided by 161.
154
What is the remainder when 1229372 is divided by 5?
2
What is the remainder